 i(d) = -d**2 + 23*d - 4. Let f(o) = 2. Let q(u) = 5*f(u) - i(u). Calculate q(22).
-8
Let g(q) be the third derivative of q**5/60 + 5*q**4/24 + 2*q**3/3 + q**2. Let u = -284 + 284. Suppose u = 95*x - 80*x + 45. Calculate g(x).
-2
Let y(l) be the third derivative of -64*l**2 + 4/3*l**3 - 1/24*l**4 + 0*l + 0. Let d(b) = -b**2 - 5*b + 2. Let f be d(-4). Give y(f).
2
Let w(a) = 11*a**2 - 28*a + 14. Let h(c) be the first derivative of -7*c**3/3 + 9*c**2 - 9*c + 141. Let n(d) = -8*h(d) - 5*w(d). What is n(4)?
2
Let m(l) be the third derivative of l**5/40 - l**4/6 + 5*l**3/3 + 15*l**2. Let j(d) be the first derivative of m(d). Let c = 568 + -565. Calculate j(c).
5
Suppose 6193 = 270*i + 5653. Let w(m) be the third derivative of -m**6/60 + m**5/30 + m**3/6 - m**2. Calculate w(i).
-7
Let q(y) = 4*y**3 + y**2 - 7*y - 3. Suppose h = -2, 7*h = 5*m + 4*h + 9. What is q(m)?
-81
Let m(v) = -9 - 2 - 17*v - 20*v - 21*v + 59*v. Determine m(23).
12
Let f = 399 + -386. Let t(o) = f - 12*o**2 + 4*o**2 - 12 + 4*o**2 - o**3. Calculate t(-5).
26
Let g(y) = -y - 1. Let h(o) = 10*o + 10. Let t(l) = 22*g(l) + 2*h(l). Suppose 0 = 41*r + 373016 - 373303. Determine t(r).
-16
Let t(u) = -4*u + 4. Let g(y) be the second derivative of -y**3/2 + y**2/2 - 26*y - 4. Let l(b) = 2*g(b) - t(b). Calculate l(-8).
14
Let t = -55 + 73. Suppose -t = 37*d - 34*d. Let w(l) = -l**3 - 7*l**2 - 8*l - 1. Determine w(d).
11
Let q(j) = -895*j**2 - 887*j**2 + 4*j - j**3 + 2673*j**2 - 894*j**2. Let c = 2 - 1. Let h(b) = b**3 + b. Let z(k) = c*q(k) - h(k). Determine z(-3).
18
Let p be 6*(-7 - -9 - 1). Let r(d) = -60*d + 1 + 57*d + 10. What is r(p)?
-7
Let g(o) = -o**2 - 18*o + 72. Suppose 4*q - 3*z = 3331 - 3401, 48 = -3*q + 3*z. Calculate g(q).
-16
Let i = -1288 - -1287. Let g(s) = 102*s - 5. Let o(t) = -26*t + 1. Let j(l) = 2*g(l) + 9*o(l). What is j(i)?
29
Suppose -4*x = -0*x + 3*s + 277, -s = 2*x + 139. Let i be 15/(-60) + x/8. Let o = -13 - i. Let a(n) = n**3 + 3*n**2 - 2*n + 4. What is a(o)?
-4
Let r(n) = -n - 19. Let j = 7261 + -7259. Determine r(j).
-21
Let q(a) = 6*a**2 + 19*a**2 + 26*a**3 + 7*a**3 - 17*a**3 - 26 - 23*a - 17*a**3. What is q(24)?
-2
Let x(v) = 9*v - 4. Let n(u) = -42*u + 17. Let a(i) = 4*n(i) + 18*x(i). Suppose -3*p + 3*c + 2*c + 19 = 0, -2*p + 10 = -2*c. Calculate a(p).
-22
Let z(h) = h**2 + 2. Let r = 691 - 711. Let f(b) = -3*b - 65. Let n be f(r). What is z(n)?
27
Let m(g) = -g**3 - 25*g**2 + 9*g - 467. Let p be m(-26). Let q(z) = 5*z**2 + 124*z - 27. Give q(p).
-2
Let o(d) = d**2 + 25*d + 11. Suppose -105 = 4*h + 5*m, -5*h + 0*h = -m + 124. Determine o(h).
11
Let m(k) = -3*k + 5. Let f(u) = u**2 - 23*u + 18. Let h be f(22). Let y(d) = 10*d + 45. Let w be y(h). Give m(w).
-10
Suppose 5*s - 20 - 5 = 0. Suppose 4*p + 4 = 4*h, -5*h - 3*p + s*p = -8. Let v be 13/13 - 1*h. Let y(n) = -18*n**2 + 1. What is y(v)?
-17
Let w(n) be the third derivative of n**4/24 + 55*n**3/6 - 242*n**2 + 8. Determine w(-52).
3
Let j = -950 - -966. Let x(b) = b**3 - 18*b**2 + 34*b - 28. Give x(j).
4
Let c = 5687 + -5686. Let h(t) = -7*t**2 + t. What is h(c)?
-6
Suppose 3*a + 9*w = 4*w + 14, -5*w = -4*a - 28. Let z = a - -11. Suppose 0 = -z*k + 21*k. Let n(m) = m**3 - m - 11. Determine n(k).
-11
Let s(i) be the second derivative of i**4/12 + 5*i**3/6 + i. Suppose 13*t + 28 = 17*t. Let j = -13 + t. Give s(j).
6
Let h(m) be the third derivative of 25 + 0*m - 11/6*m**3 + 1/120*m**6 - 1/60*m**5 + 2*m**2 - 1/24*m**4. Calculate h(0).
-11
Let t(y) be the third derivative of y**5/60 - y**4/3 - 17*y**3/6 + y**2 + 24*y + 36. Determine t(9).
-8
Let n(f) = -9*f**2 + 7*f - 3. Let t(b) = -5*b**2 + 3*b - 1. Let h(r) = -2*n(r) + 5*t(r). Suppose 39*a - 130 = -169. Give h(a).
-7
Let z(b) = b**2 + 9. Let j(w) = w**2 + w + 10. Let f(o) = 6*j(o) - 7*z(o). Let p(k) = -32*k + 11. Let g be p(-8). Let y = g - 262. Give f(y).
2
Suppose -5*j + 6*j = -d - 247, 0 = -4*j + d - 1003. Let w = 244 + j. Let n(u) = 2*u + 2*u - 1 - u. Determine n(w).
-19
Let w(q) be the first derivative of -7*q**2/2 - 15*q + 1162. What is w(-11)?
62
Let k = -135 - -165. Let h(t) = -t + 24 + k - 50. What is h(-8)?
12
Let j = 3999 - 3995. Let g(a) = 3*a + 13. Give g(j).
25
Let n(w) be the first derivative of -w**4/24 - w**3/2 + 109*w**2/2 - 160. Let f(t) be the second derivative of n(t). What is f(5)?
-8
Let w(d) = d**2 - d. Suppose -52 = -13*z - 13. Suppose 3*o + 3*y = 3, -3*y - 4 = -z*o - 1. Let h be (-2 + (0 - -2))/o. What is w(h)?
0
Let j = -113108 - -113110. Let i(d) = -5*d**2 - 2*d + 1. Let m(p) = 11*p**2 + 5*p - 1. Let b(a) = 5*i(a) + 2*m(a). Calculate b(j).
-9
Let i(m) be the third derivative of -19*m**6/40 + m**5/30 - m**3/6 + 57*m**2. Give i(1).
-56
Let s(y) = -51103*y**2 - 13 - 2*y**3 + 1 + y**3 + 4*y + 51098*y**2. Give s(-5).
-32
Let z be ((-8)/5)/((-13)/650). Let a = z + -78. Let x(o) = 3*o + 3. Let p(d) = 4*d + 2. Let j(t) = 4*p(t) - 3*x(t). What is j(a)?
13
Suppose a - 4*a = -3*d + 15, -3*a = 4*d + 1. Let i(m) = -2*m**2 + 3 - d - 8*m + 8*m. Suppose 5*g + 3 = -2. What is i(g)?
-1
Let i(g) = 3*g**3 - 75*g**2 - g - 55. Let z be i(25). Let c = 157 - 83. Let b = c + z. Let w(r) = -r. Give w(b).
6
Let g be (12/(-10))/(1/(-10)). Suppose 100*b - g = 94*b. Let q(w) = w**2 + 3*w - 4. Give q(b).
6
Suppose 7*r - 20 + 6 = 0. Let d(t) = -188*t + 7*t**r + 0 - 20 + 177*t + t**3. Calculate d(-8).
4
Let b(a) = -a**3 + 5*a**2 + 9*a - 3. Let n(o) = 8*o - 54. Let y be n(7). Suppose z + 14 = 5*k, -y*z + 5 = 2*k - 15. Determine b(z).
15
Let m(y) = 99*y + 40. Let k be m(-5). Let j = k + 463. Let u(o) = 2*o - 13. Calculate u(j).
3
Let b(s) = 6*s - 131. Let q be b(23). Let x(h) = 3*h - 3*h - h**2 + 6 - 5 + h + q. Give x(7).
-34
Let o(i) = i**2 - 17*i - 1. Let r(l) = 11*l**2 + 87*l + 5. Let q(w) = -2*o(w) - r(w). Determine q(-4).
1
Let z = -2905 + 2901. Suppose 0*u = u - 5. Let t be u + 4/(z - -3). Let o(l) = -11*l - 1. Determine o(t).
-12
Suppose 215 = 3*o + 98. Suppose 5*k = s + 25, 4*k + s = -2*s + o. Let t(m) = -m**3 + 5*m**2 + 7*m - 4. Calculate t(k).
2
Let v(z) = 39*z**3 - 25*z**2 - 4*z - 27. Let r(n) = -11*n**3 + 8*n**2 + 2*n + 9. Let p(a) = -7*r(a) - 2*v(a). Give p(-6).
27
Let w(s) be the second derivative of -1/20*s**5 + 27 - 1/6*s**3 + s + 7/12*s**4 + 1/2*s**2. Calculate w(7).
-6
Let i = -1117 - -1119. Let s(l) = 18*l - 8. Calculate s(i).
28
Suppose 360*d - 358*d = 8. Suppose d*h + 4*h + 72 = 0. Let z(c) = -c**3 - 8*c**2 + 9*c - 3. What is z(h)?
-3
Suppose -44*m + 32 = 516. Let s(l) = -l**2 - 7*l + 11. What is s(m)?
-33
Let j(g) be the second derivative of -1/5*g**5 - 53*g - 1/6*g**3 + 1/6*g**4 + 0 + 0*g**2. Suppose c + 4 = 3*c. Determine j(c).
-26
Let j be (-1)/((2 + 2)/76). Let p = j - -22. Let q(s) = -6*s**3 - s - p + 5*s**2 + 7*s**3 - s**3 - s**3. What is q(5)?
-8
Let x(p) = 2*p + 63. Let v be x(-26). Let q(s) = -1 + v - 8 + s + 0. Determine q(3).
5
Let n(f) = 1 - 2*f**2 - 15*f**3 - 11*f + 8*f + 16*f**3. Suppose -25 = -m - 2. Let l = m + -20. Determine n(l).
1
Let m(l) = l**2 + 551 - 181 - 176 + 9*l - 209. Calculate m(-10).
-5
Let q(s) = -s**2 - 11*s + 1. Let z(h) = h**2 + 24*h - 267. Let d be z(8). Calculate q(d).
1
Suppose x - 13 = -2*q - 4, -q - 34 = -5*x. Suppose -x*u - 2*p - 7 = -6*u, 0 = 3*u + 2*p + 1. Let v(f) = f**2 + 3. Determine v(u).
12
Suppose 72*s - 30*s = 96 - 96. Let i(c) = -c**2. Let d(r) = 5*r**2 + 5 - 4*r**2 - 4*r**2. Let f(k) = d(k) - 2*i(k). What is f(s)?
5
Let s(p) = p + 2. Let v = -58 - -58. Suppose -57*b + 60*b + 3 = v. Let h be (-7)/(-3)*b*(-6 - -3). Determine s(h).
9
Let t(c) = -c**2 + c + 17. Let y(l) = -5*l. Let d be y(-1). Let a(p) = -3*p + 5. Let k(j) = -4*j + 8. Let f(q) = 6*a(q) - 5*k(q). Let n be f(d). Calculate t(n).
17
Let q be (-16)/6*(-51)/34. Suppose -3*i = 2*f + 4, -q*i = 3*f + f + 4. Let t be (-4 + 9/2)*i. Let k(b) = -3*b + 1. Determine k(t).
4
Let y(m) = -3*m - 79. Let d(v) = -3*v + 240. Let f(p) = d(p) + 3*y(p). Suppose s + 2*t + 3 = 3*t, 5*s - 4*t = -11. Give f(s).
-9
Let z(p) = -186318 + 3*p + 186372 - 5*p. Determine z(18).
18
Suppose 15*z = 19*z - 52. Suppose -3*y + 0 - z = 4*u, 0 = 4*u - 4*y + 20. Let d(o) = o**3 + 4*o**2 + 5*o + 2. Calculate d(u).
-18
Let a(j) be the second derivative of j**3/3 + 41*j**2/2 + 13*j. Let p be a(-19). Let i(d) = 2*d**2 - 27*d - p*d**2 + 34*d + 2. Determine i(6).
8
Let l(